ulate the greatest common divisor of 52330 and 190.
10
What is the greatest common divisor of 121 and 1083489?
11
Calculate the greatest common divisor of 890199 and 27.
9
What is the highest common divisor of 144 and 4320?
144
Calculate the highest common divisor of 26 and 656318.
26
Calculate the greatest common divisor of 200 and 22830.
10
Calculate the highest common factor of 1256 and 216.
8
What is the greatest common divisor of 944301 and 106?
53
What is the highest common divisor of 852 and 10596?
12
What is the highest common factor of 6 and 7155744?
6
Calculate the greatest common factor of 4384 and 61102.
274
What is the highest common divisor of 23 and 1453?
1
What is the highest common divisor of 472432 and 48?
16
What is the greatest common factor of 192 and 13008?
48
What is the highest common factor of 1361 and 4366088?
1361
What is the highest common divisor of 20 and 6003720?
20
Calculate the highest common factor of 155493 and 4430.
443
Calculate the greatest common factor of 1900 and 36860.
380
Calculate the highest common divisor of 12 and 81222.
6
What is the greatest common divisor of 429 and 11817?
39
What is the highest common divisor of 905 and 752236?
181
What is the greatest common divisor of 315735 and 310?
155
What is the highest common factor of 217315 and 245?
245
Calculate the greatest common divisor of 105315 and 354.
177
Calculate the greatest common factor of 375 and 2445.
15
What is the highest common factor of 6004448 and 8?
8
What is the highest common factor of 18642 and 569298?
1434
What is the highest common divisor of 16659842 and 74?
74
What is the highest common factor of 1890 and 19880?
70
What is the greatest common divisor of 768 and 21192?
24
What is the greatest common divisor of 13973 and 118904?
89
Calculate the greatest common factor of 60 and 4836180.
60
Calculate the greatest common factor of 2471 and 322995.
353
What is the greatest common factor of 4378 and 10547?
199
What is the greatest common divisor of 214193 and 1739?
37
What is the greatest common divisor of 108621 and 149?
149
Calculate the greatest common divisor of 149 and 276395.
149
Calculate the highest common factor of 2635 and 12245.
155
Calculate the highest common factor of 74 and 43031.
37
Calculate the greatest common divisor of 1600 and 212320.
160
Calculate the highest common factor of 2769668 and 836.
836
What is the highest common divisor of 3299335 and 1315?
1315
What is the highest common divisor of 20 and 32815?
5
What is the highest common divisor of 127929 and 12?
3
What is the highest common divisor of 230684 and 14275?
571
Calculate the highest common divisor of 119 and 21427.
7
What is the greatest common factor of 56137 and 31463?
73
What is the greatest common factor of 5 and 8417015?
5
What is the highest common factor of 98 and 4900?
98
Calculate the highest common factor of 17 and 150739.
17
Calculate the greatest common divisor of 477024 and 1248.
96
Calculate the highest common divisor of 108 and 65016.
108
Calculate the greatest common factor of 34279 and 1239.
413
What is the highest common factor of 2228 and 1000?
4
What is the greatest common divisor of 107770 and 2080?
130
Calculate the greatest common factor of 16 and 9616.
16
Calculate the highest common factor of 3475 and 2902320.
695
Calculate the greatest common divisor of 7712 and 31089.
241
Calculate the highest common factor of 54882 and 8874.
18
Calculate the greatest common factor of 218700 and 150.
150
Calculate the highest common factor of 209 and 60170.
11
Calculate the greatest common divisor of 7997 and 11.
11
What is the greatest common divisor of 251933 and 3256?
407
Calculate the highest common factor of 4055 and 102.
1
Calculate the greatest common divisor of 5682 and 1248.
6
What is the greatest common divisor of 20 and 109665?
5
What is the greatest common factor of 47066 and 4545?
101
Calculate the greatest common factor of 736 and 352.
32
What is the greatest common factor of 258 and 208550?
86
Calculate the highest common divisor of 48279 and 21.
21
What is the greatest common factor of 12 and 18412?
4
Calculate the highest common factor of 890622 and 36.
18
What is the greatest common divisor of 19994 and 26?
26
Calculate the highest common divisor of 21547 and 106992.
743
What is the greatest common divisor of 8 and 4820?
4
Calculate the highest common divisor of 18396 and 497.
7
What is the greatest common divisor of 13175 and 589?
31
Calculate the highest common factor of 925425 and 2700.
675
What is the highest common divisor of 577600 and 190?
190
What is the highest common factor of 408 and 13289784?
408
Calculate the highest common divisor of 85 and 2686.
17
What is the highest common divisor of 2072 and 19536?
296
What is the highest common factor of 67672 and 308?
44
What is the greatest common divisor of 16415 and 119?
7
Calculate the highest common divisor of 222 and 684.
6
Calculate the highest common divisor of 13727 and 1484.
371
What is the greatest common factor of 2849 and 11?
11
Calculate the greatest common factor of 169 and 7475.
13
What is the greatest common divisor of 1701 and 146139?
21
Calculate the greatest common factor of 171008 and 835.
167
What is the highest common divisor of 15312 and 440?
88
Calculate the highest common factor of 2457 and 49707.
189
What is the highest common factor of 14 and 43442?
14
Calculate the greatest common factor of 7289 and 19503.
197
Calculate the highest common factor of 132876 and 132.
12
What is the highest common divisor of 1536 and 3455488?
512
Calculate the highest common divisor of 189574 and 56.
14
What is the highest common factor of 3732 and 300?
12
Calculate the highest common divisor of 196133 and 238.
7
Calculate the greatest common factor of 190 and 36518.
38
What is the highest common factor of 233068 and 220?
44
What is the greatest common factor of 606484 and 584?
292
What is the highest common factor of 57 and 61044?
3
What is the greatest common factor of 424 and 46693?
53
Calculate the highest common factor of 31915 and 30.
5
Calculate the highest common factor of 300 and 2926425.
75
What is the greatest common divisor of 222 and 22008?
6
Calculate the highest common factor of 173939 and 562.
281
Calculate the highest common divisor of 4539 and 942.
3
What is the greatest common factor of 473 and 645?
43
What is the highest common factor of 156 and 66012?
12
Calculate the highest common factor of 21 and 201971.
7
What is the highest common divisor of 5936 and 896?
112
Calculate the highest common divisor of 27 and 891441.
9
Calculate the highest common factor of 299520 and 18880.
320
Calculate the highest common divisor of 8484342 and 654.
654
Calculate the highest common factor of 282 and 121918.
94
What is the greatest common divisor of 16 and 1415068?
4
What is the greatest common divisor of 1012879 and 686?
343
Calculate the greatest common divisor of 740145 and 245.
245
Calculate the greatest common factor of 68003 and 52.
13
What is the greatest common factor of 4522 and 1071?
119
Calculate the highest common divisor of 153748 and 82688.
1292
Calculate the greatest common divisor of 465154 and 170.
34
Calculate the highest common divisor of 6273 and 7872.
123
Calculate the highest common factor of 2043 and 453.
3
What is the highest common divisor of 9906 and 34290?
762
What is the highest common factor of 525 and 3325?
175
What is the greatest common divisor of 31753 and 1967?
281
What is the highest common factor of 43389 and 864?
27
Calculate the greatest common divisor of 39754 and 834.
278
What is the greatest common factor of 668 and 89345?
167
Calculate the greatest common divisor of 1006965 and 30.
15
Calculate the greatest common factor of 70 and 3330.
10
What is the highest common divisor of 75 and 345?
15
Calculate the greatest common factor of 368 and 26749.
23
What is the greatest common factor of 108 and 98820?
108
Calculate the highest common factor of 160 and 3650.
10
What is the greatest common divisor of 2904 and 3372?
12
Calculate the greatest common divisor of 8675544 and 24.
24
Calculate the greatest common divisor of 11446 and 49858.
194
Calculate the greatest common factor of 182 and 42742.
14
What is the gre